 - (-2)/11?
4
Let n be (-6)/27 + (-58)/(-18). Suppose -3*p - n = -12. What is the tens digit of (-2)/(-6) - (-29)/p?
1
Suppose 5*j - 10 = 3*j. What is the units digit of j?
5
Suppose 0*l - 2 = -2*l - 2*m, 2*m = 3*l + 2. Let x(v) = v + 10. What is the tens digit of x(l)?
1
Let l(q) be the third derivative of q**4/24 + q**3/6 - q**2. Let u be l(3). Let k = -3 + u. What is the units digit of k?
1
Let v be 8/(-10)*(-39 + 4). Suppose -2*s + 25 = 3*s. Suppose -7 = -s*g + v. What is the units digit of g?
7
Suppose 4*s = -3*a + s - 9, 2*a = -4*s - 12. Suppose -3*u + 5*g = -11, 5*u = -a*g - g + 9. Suppose 9 = 3*i, z + 3 = u*i + 4. What is the units digit of z?
7
Let m = 155 - 110. What is the tens digit of m?
4
Suppose 0 = -2*y + 4*n + 2, -4*y + 0*n + 30 = 5*n. Suppose 0 = -3*r - y*k + 69, 4*k = -5*r + 9*k + 155. What is the tens digit of r?
2
Let x(d) = -d + 2. Suppose 0 = -q - 2*r + 1, -2*q + 3*r = -q - 1. Let m be x(q). Suppose 4*n - m - 3 = 0. What is the units digit of n?
1
Let p = -106 + 234. What is the units digit of p?
8
Let o(v) = v**3 - 7*v**2 - 1. Let r be o(7). Let b(g) = -8*g**3 + 2*g**2 + 2*g + 1. What is the units digit of b(r)?
9
Suppose -4*i + 2*o = -2*o - 24, 0 = 2*i - 5*o - 27. Suppose -3*v = -0*v - 9. Suppose v*q - i = 44. What is the tens digit of q?
1
Let j(c) = c - 3. Let g(y) = 4*y**2 + y - 1. Suppose 5*s - 5 = -0. Let p be g(s). What is the units digit of j(p)?
1
Let y(w) = -6*w**2 - 4*w + 3. Let m be y(2). Let o = -9 - m. What is the tens digit of o?
2
Let p be 95 + -2 + 0 + 3. Suppose 0 = -2*y - 4. What is the tens digit of y/(-5) - p/(-10)?
1
What is the tens digit of 24/(-108) - 7458/(-27)?
7
Suppose 2*f + 3 = 5*d + 4, d = 3*f + 18. Let y(g) = -2 - 11*g + 10*g + 0. What is the units digit of y(f)?
5
Let f(d) = d**2 + 8*d + 12. Let a = 9 - 17. What is the units digit of f(a)?
2
Let u = -7 - -5. Let t be 13*5*(-1 - u). Suppose 2*k + 3*k - t = 0. What is the units digit of k?
3
Let f(j) = 15*j**2 + 4*j + 1. What is the tens digit of f(-1)?
1
Let t(j) = -j**3 - 4*j**2 - 2*j + 1. Let n be t(-4). Suppose 0 = 3*f - 18 - n. What is the units digit of f?
9
Let t = -166 - -247. What is the units digit of t?
1
Let w(l) = -2*l**3 - 2*l**2 - 3*l - 1. Let x be w(-2). What is the units digit of 4/((-16)/x)*-4?
3
Suppose 0 = 3*p - 53 - 496. What is the hundreds digit of p?
1
Let v(k) be the first derivative of -k**4/4 + k**3 + 3*k + 1. Let t be v(3). What is the units digit of t/5 - 2/(-5)?
1
Suppose -2*y + 4 = -0*y. Suppose y*f + q - 5 - 3 = 0, -f = 3*q - 4. Suppose f*g + 3*m = 44, 2*m - 45 = -4*g - 5. What is the units digit of g?
8
Let l be 2 - 4 - (-4 - 1). Suppose l*p - 10 - 32 = 0. What is the units digit of p?
4
Let x = -6 + 9. Suppose -71 = -x*d - 8. What is the units digit of d?
1
Let v = -19 + 33. What is the tens digit of v?
1
Let i = -3 - 2. Let s be ((-8)/3)/(1/3). Let k = i - s. What is the units digit of k?
3
Suppose -t + 98 = -108. What is the hundreds digit of t?
2
Let q(v) = 24*v - 24*v + 0*v**2 + v**2 - 3*v**3. Let p be q(-1). What is the tens digit of 332/20 + p/10?
1
Let c = 65 - 36. Suppose 2*w - 23 = c. What is the tens digit of w?
2
Let x = 28 + -17. What is the tens digit of x?
1
What is the tens digit of (-501)/15*(-10)/(-8)*-4?
6
Let d = 5 - 6. Let v(r) = -16*r - 1. What is the units digit of v(d)?
5
Suppose 2*q - 745 = 7*q. Let r = -105 - q. What is the tens digit of r?
4
Let w(l) = -21*l + 1. Let q(t) = -7*t. Let n(o) = 8*q(o) - 3*w(o). Suppose -k + 5*k = 3*h + 6, 0 = 3*k + 3*h - 15. What is the tens digit of n(k)?
1
Suppose 2*n + 5*s + 148 = 395, s = 3*n - 345. What is the units digit of n?
6
What is the tens digit of 3/(-6)*-2 + 22?
2
Suppose -3*k = 2 - 56. What is the units digit of k?
8
Let n = -38 + 41. What is the units digit of n?
3
Let h be -15 - (4/(-2) + 1). Let c be 24/14 - 4/h. Suppose 5*v - c = 13. What is the units digit of v?
3
Let p(g) = -g**2 + 4*g + 5. Let b be p(5). Suppose b = -3*t - 3*s + 18, 5 = -3*t - 5*s + 23. What is the units digit of t?
6
Suppose -5*i + 138 = 53. What is the units digit of i?
7
Suppose 246 = -2*m + 8*m. What is the tens digit of m?
4
Let p(w) = 56*w**3 - w**2 - w + 1. Let t be p(1). Suppose 4*a - 1 = 7. Suppose a*c - t = -3*c. What is the tens digit of c?
1
Let y = 303 - 186. What is the units digit of (2/3)/(2/y)?
9
Let m(x) be the second derivative of -x**4/12 - 4*x**3/3 + x**2 - x. What is the units digit of m(-8)?
2
Let a(o) = 2*o**2 - 2*o + 1. Let r be a(3). Suppose -3*d - 2*x = -6*d + 7, -d + r = 2*x. What is the units digit of d?
5
Let b = -12 - -24. What is the units digit of b?
2
Let a = 18 + 231. Suppose -27 = 3*p + 5*j - 169, -5*p + 4*j = -a. What is the units digit of p?
9
Let n = -12 - -6. Let o = n + 8. What is the units digit of o?
2
Let t = -3 + 9. Let c(q) = -3*q**2 + 3*q - 4. Let m(o) = 7*o**2 - 5*o + 9. Let s(r) = -5*c(r) - 2*m(r). What is the units digit of s(t)?
8
Let w = 207 + -159. What is the units digit of w?
8
Suppose 0*t - 4*t = -4. Let f be (-4)/16 + t/4. Suppose -20 = -f*k - 5*k. What is the units digit of k?
4
What is the tens digit of (-2)/8 + (-122)/(-8)?
1
Let o be 14/(-77) - 57/(-11). Let x(g) = -g**2 + 8*g - 3. What is the tens digit of x(o)?
1
Suppose -3*q + 51 = 15. What is the tens digit of (-4)/2 + 5 + q?
1
Let z = -7 - 1. What is the units digit of ((-26)/z)/(15/180)?
9
Let h be 36/10 - 2/(-5). What is the tens digit of -3 + h/(-6)*-24?
1
Suppose 30 = 3*d + 4*b, 3*d - 2*b - 2*b - 6 = 0. Suppose -5*f + 4*v = -24, 5*v = f + 3*v - d. Suppose 0 = -c + 3*c - f. What is the units digit of c?
2
Let l = 7 - 7. Suppose -3*r - 2*r + 85 = l. What is the units digit of r?
7
Let k be (-3)/(9/(-6))*1. Suppose -25 = -3*v - k*v. Suppose -v*h = 15, 0*h + 39 = 3*l + h. What is the units digit of l?
4
What is the tens digit of -5*3*36/(-20)?
2
Let p = -175 - -277. What is the hundreds digit of p?
1
Suppose h = 5*h - 12. Let u = -7 - -10. Suppose h*c + u = 6*c. What is the units digit of c?
1
Suppose 9 = 3*y, 2*y = -3*q - 0*y + 36. What is the units digit of q?
0
Suppose -3*o - 2*o - 35 = 0. Let f = 13 + o. Suppose 0 = -2*a - v + 17 + f, 3*v - 13 = -2*a. What is the tens digit of a?
1
Let p(x) = -4*x**2 - 2*x - 1. Let q be p(-5). Let y = q + 127. Suppose 0 = -f - 3*f + y. What is the units digit of f?
9
Suppose 0 = 3*z + 9 + 18. Let w = z - -6. What is the units digit of (-4)/w*(-60)/(-8)?
0
Suppose -3*w + w + 5 = -5*x, 4*x - 5*w - 13 = 0. What is the tens digit of 16/(x/6*-2)?
1
Let q(i) = -i**2 - 64. Let b be q(0). Let f = 101 + b. What is the units digit of f?
7
Let p = 0 + -1. Let v(h) = -29*h + 2. What is the tens digit of v(p)?
3
Let j be 42/4*(-8)/6. Let s(k) = 3*k - 5. Let w be s(9). Let b = j + w. What is the units digit of b?
8
Let k be ((-30)/20)/((-2)/(-4)). Let z(d) = 2*d**2 - 1. What is the units digit of z(k)?
7
Let g(v) = 5*v. Let m be g(1). Let h be 4/(-24) + (-109)/(-6). Suppose m*w - h = 12. What is the units digit of w?
6
Let p(y) = 29*y**3 - y**2 - 4*y + 5. What is the hundreds digit of p(2)?
2
Suppose -133 - 77 = -5*u. What is the tens digit of u?
4
Let w(q) = -q**2 - 3*q - 1. Let o(x) = x + 2. Let p be o(-5). Let n be w(p). What is the units digit of 8/(-8)*(n - 0)?
1
What is the units digit of 124/6 + 4/12?
1
Suppose -5*c = 4*z - 214, -2*z = -4*c - 24 + 190. What is the tens digit of c?
4
Suppose -44 = d - 72. What is the tens digit of d?
2
What is the units digit of ((-4)/(-10))/((-2)/(-60))?
2
Suppose 4*f = 19 + 1. What is the units digit of f?
5
Suppose 339 = 5*h - b, -h + 4*h - 199 = 5*b. Let m = h - 17. What is the tens digit of m?
5
Let o(t) = -9*t + 9. What is the units digit of o(-7)?
2
Suppose p = v + 6*p - 2, 0 = -5*v + 4*p + 10. Let y be (0 + v/(-4))*-8. Let h = 4 + y. What is the units digit of h?
8
Let i(g) be the third derivative of 0*g + 1/12*g**4 - 3/2*g**3 + 0 + 4*g**2. What is the units digit of i(8)?
7
Let j(i) = 3*i + 4. Let s be j(8). Let g = s - 19. What is the units digit of g?
9
Suppose 12 + 8 = 2*t. What is the tens digit of (0 + 5)*52/t?
2
Suppose -a + 59 = -59. Suppose a = 4*i - 0*o - 2*o, -3 = 3*o. What is the units digit of i?
9
What is the tens digit of ((-1)/(-2))/((-7)/(-1330))?
9
Let h(p) = p**3 + 14*p**2 + 5*p - 11. What is the tens digit of h(-13)?
9
Let p be (-19)/(-7) + 2/7. Let n =